Let p(g) = 4*g**2 + 56*g + 61. Let v(h) = -2*a(h) + 3*p(h). Let b be v(-24). What is the greatest common factor of 9 and b?
1
Let b(d) = -26*d - 2276. Let k be b(-90). What is the greatest common factor of k and 7744?
64
Let j = -11936 + 17247. Calculate the greatest common divisor of 226 and j.
113
Let u(a) = a**2 - 15*a + 3. Suppose -5*p + 0 + 75 = 0. Let y be u(p). Suppose 2*w - 11 = 25. What is the highest common divisor of w and y?
3
Let p(i) = -2*i**2 + 81*i - 221. Let l be p(3). What is the greatest common factor of 308 and l?
4
Suppose -21*v + 1264 + 1744 = 26*v. Calculate the greatest common divisor of 592 and v.
16
Let q be -2 - ((-12130)/(-90) + 4/18). Let l = q - -254. Suppose -19 = -j + l. What is the greatest common divisor of 8 and j?
8
Let g(i) be the first derivative of -16 - 15/2*i**2 - 18*i. Let a be g(-6). Calculate the greatest common factor of 8 and a.
8
Let n = 297 + -211. Let h = n + -67. Suppose -h*j + 48 = -15*j. What is the highest common divisor of 6 and j?
6
Let u(i) = i**3 + 11*i**2 - 59*i + 1. Let o be u(4). Suppose o*d - 4*j = 232, -6*j + 2*j = -d + 56. What is the highest common factor of d and 4?
4
Suppose 3*p - 3*t = 1629, 4*p - 2179 = -2*t - t. What is the highest common divisor of p and 119?
17
Suppose -5*n = -3*n - 12. Let c(b) = -b**3 + 33*b**2 - 14*b + 4482. Let l be c(36). Calculate the greatest common divisor of l and n.
6
Let l = -61 - -31. Let z be (-25 - 2)*l/1. Calculate the greatest common factor of 10 and z.
10
Let u be (-162)/7*(-3)/9*(-12 - -19). What is the greatest common divisor of u and 570?
6
Let u be ((-142)/(-10))/((-8)/40). Let n = u + 161. What is the greatest common factor of 50 and n?
10
Suppose -119595 = -437*n - 16900. Calculate the greatest common divisor of n and 29375.
235
Let f be 88/22 - 1/(4/(-632)). What is the highest common divisor of 864 and f?
54
Let l be 602/16 + 240/640. What is the highest common factor of 11 and l?
1
Let q(r) = -2*r + 11. Let y(a) = a**2 - 12*a - 34. Let f be y(14). Let j be q(f). Suppose 0 = -5*l - j + 103. Calculate the greatest common divisor of l and 16.
16
Suppose 28*c + 187*c - 5544 = -16*c. Suppose 5*z - 4*s - 1308 = -0*z, -4*z - 5*s = -1071. Calculate the highest common factor of z and c.
24
Let m be 1/((-4)/(-6))*(-688)/(-24). Suppose 345 = m*n - 38*n. Calculate the highest common factor of n and 46.
23
Let t be (6 + -10 - -3) + 2 + 92. Suppose t*l = 102*l - 216. Calculate the greatest common factor of 312 and l.
24
Suppose -1864 = -49*u + 4*u + 1151. Let m(k) = 737*k**2 - k - 1. Let o be m(-1). Calculate the highest common divisor of u and o.
67
Let j(u) = 28*u + 218. Let l be j(-32). Let w = 682 + l. Calculate the greatest common factor of 28 and w.
4
Let i(u) = -18*u - 1601. Let k be i(-87). Suppose -3*d + n - 100 - 68 = 0, 3*d + 4*n = -153. Let q = k - d. Calculate the highest common divisor of 180 and q.
20
Suppose -2*u + 115 = -73*c + 78*c, 0 = -5*u + 25. Suppose 3*w - 4*w + 14 = 0. What is the greatest common factor of c and w?
7
Let u = -58 - -146. Let f = u + 2. Suppose -y + 25 + 11 = 0. Calculate the highest common divisor of f and y.
18
Suppose 0 = 5*s - 55 - 205. Let b be ((-24724)/24)/7 - 3/(-18). Let j = b + 173. What is the greatest common divisor of s and j?
26
Suppose 2554 - 131 = 3*x + 4*p, 4*p = 4*x - 3212. What is the highest common factor of x and 35?
35
Let s be (-1 - 0 - -1088) + -7. Suppose 286*q + s = 295*q. Calculate the greatest common divisor of 216 and q.
24
Suppose 4*i + 3*r - 931 = -i, -755 = -4*i + r. Let h = 210 - i. Calculate the highest common factor of 143 and h.
11
Let d = -37205 + 52565. Calculate the greatest common factor of 60 and d.
60
Let x = -6740 - -6875. What is the greatest common factor of 873 and x?
9
Suppose -4*i + 3*l = -2*l - 798, 4*l = -5*i + 1018. Let f(c) = -c**2 + 14*c - 4. Let j be f(14). Let m = i + j. What is the highest common divisor of m and 22?
22
Let r = -6152 + 6558. What is the highest common factor of 174 and r?
58
Let s(v) = -v**3 - 24*v**2 - 26*v - 9. Let o(z) = 3*z - 74. Let a be o(17). Let u be s(a). Calculate the greatest common factor of 12 and u.
12
Let d(y) = -y**3 + 9*y**2 + 43*y - 59. Let m be d(12). What is the greatest common factor of m and 6425?
25
Let f = 68 + -65. Suppose 108 = -f*v + 1044. Calculate the greatest common factor of v and 24.
24
Suppose -f - 12 = 2*w, 0 = 5*f + 5*w + 7 + 53. Let v = f - -16. Suppose n + 166 = v*y, 93 = 2*y + 5*n - 1. Calculate the greatest common factor of y and 63.
21
Suppose -5*t = -n - 2*n + 65, 5*n - 4*t = 104. Let h = n + -11. Let v(j) = j**2 + 98*j - 615. Let z be v(6). Calculate the highest common divisor of h and z.
9
Suppose -591*o + 543*o + 96 = 0. Calculate the highest common divisor of 500 and o.
2
Let r = 431 + -527. Let d be (-5)/(15/r)*2. What is the greatest common factor of d and 96?
32
Suppose -6*m - 4787 = -4883. Suppose 5*x = 3*y - 6 + 31, -25 = -5*x + 5*y. Suppose j = -j - 8, -28 = -r + x*j. What is the highest common divisor of m and r?
8
Let l = -1442 + 1561. Calculate the greatest common divisor of 34 and l.
17
Let t = 84 - 76. Suppose -t*l + 259 = -l. What is the highest common factor of 481 and l?
37
Suppose 29*f - 118*f + 1157 = 0. What is the greatest common divisor of f and 377?
13
Let d = 13503 + -13446. Calculate the highest common divisor of d and 1216.
19
Suppose 14*b - 7772 = -15*b. What is the greatest common divisor of 737 and b?
67
Let f(g) = 3*g - 15. Let y be f(7). Suppose 2*c = y*c - 384. Let s = 104 - c. Calculate the greatest common factor of s and 64.
8
Let w = -3307 + 5777. What is the greatest common factor of w and 152?
38
Let x be (9 + -21)*(-1)/(-2)*(-170)/4. What is the highest common factor of 6035 and x?
85
Let b = 2 - 1. Let z be (4/(-3) - 1)/(2/36). Let p be (7/14)/((-3)/z). What is the greatest common divisor of p and b?
1
Suppose 23*u - 3876 = 6*u. Let s = -45 - -57. Calculate the greatest common factor of s and u.
12
Let z = 3779 - 3659. Calculate the highest common factor of z and 510.
30
Let b = -3186 + 3210. Let h(p) = -12*p. Let a be h(-9). Calculate the highest common divisor of b and a.
12
Suppose -3*i + 33 = -k, 2 = 2*i + 2*k - 28. Let g be (-1)/4 - (-269303)/284. Calculate the greatest common factor of g and i.
12
Let p(h) = -3*h**2 + 49*h - 42. Let m be p(8). Calculate the highest common divisor of 4266 and m.
158
Let j = 572 - 497. Calculate the greatest common divisor of 1200 and j.
75
Suppose 14*g - 324 = 460. Calculate the greatest common factor of g and 504.
56
Let o = -24639 - -25343. Calculate the greatest common divisor of o and 232.
8
Let x be (-3 - 2)/((-2)/(-24) + (-3861)/42444). Calculate the highest common factor of x and 1179.
131
Let r(x) = 10*x - 4 - 13*x + 18 + 6*x + 22. Let s be r(2). Calculate the greatest common divisor of s and 56.
14
Let v(n) = n**3 - 7*n**2 + 17*n - 48. Suppose 0 = -42*p + 54*p - 72. Let w be v(p). Calculate the highest common factor of 16 and w.
2
Let l(v) = -v**2 + 19*v - 48. Let r(o) = 2*o**2 + 6*o + 13. Let q be r(-2). Let x be l(q). What is the highest common factor of x and 14?
14
Suppose -16*o = -46*o + 26790. Calculate the greatest common factor of o and 235.
47
Let q(g) = -6*g**2 + 96*g + 90. Let o be q(15). Calculate the highest common divisor of o and 8820.
180
Suppose -14*k + 13464 = 37*k. Suppose -2*n + 16 = -n. Suppose n*y - 5*y - k = 0. What is the highest common divisor of y and 156?
12
Let j = -19 + 22. Suppose -3*a = -j, -a = t + 4*t - 136. Let k = 73 - 70. What is the greatest common divisor of t and k?
3
Suppose f - 192 = 5*r, -2*f + 6*r - 10*r = -426. What is the greatest common divisor of 18 and f?
9
Suppose 8*g + 5985 = 23*g. Suppose 0 = -10*f + 521 + g. What is the highest common factor of 1104 and f?
92
Suppose 0 = -0*w - w. Suppose 0*o + 4*o - 52 = w. Let u(i) = 5*i**2 + 10*i - 3. Let x be u(4). What is the highest common divisor of o and x?
13
Let v(d) = -264*d - 3139. Let w be v(-12). Calculate the highest common factor of w and 3799.
29
Let f(j) be the second derivative of -j**3/3 + 4*j**2 + j + 40. Let g be f(3). Calculate the greatest common divisor of g and 7.
1
Suppose 5*j - 245 = -5*l, 0*j + 6 = 2*j. Suppose f - 2*p + l = 5*f, -2*f + 17 = 3*p. Let w = -18 - -31. Calculate the greatest com